{"id":577,"date":"2020-07-09T13:53:42","date_gmt":"2020-07-09T11:53:42","guid":{"rendered":"http:\/\/salonmagda-m.pl\/?page_id=577"},"modified":"2020-07-09T13:55:32","modified_gmt":"2020-07-09T11:55:32","slug":"mande-lac-melanostatic","status":"publish","type":"page","link":"https:\/\/salonmagda-m.pl\/index.php\/mande-lac-melanostatic\/","title":{"rendered":"Mande-lac Melanostatic"},"content":{"rendered":"\n<p>Specjalistyczny program na przebarwienia z kwasem migda\u0142owym i <a href=\"https:\/\/salonmagda-m.pl\/index.php\/alfa-arbutyna\/\" target=\"_blank\" rel=\"noreferrer noopener\">alfa-arbutyn\u0105.<\/a><\/p>\n\n\n\n<h2 class=\"wp-block-heading\">Wskazania:&nbsp;<\/h2>\n\n\n\n<ul><li>uporczywe przebarwienia pos\u0142oneczne<\/li><li>ostuda po ci\u0105\u017cy<\/li><li>plamy soczewicowate (starcze)<\/li><li>nier\u00f3wny koloryt sk\u00f3ry<\/li><li>fotostarzenie<\/li><li>na powierzchnie ca\u0142ego cia\u0142a (np.: twarz, szyja, dekolt, d\u0142onie, plecy)<\/li><\/ul>\n\n\n\n<h2 class=\"wp-block-heading\">Efekty:<\/h2>\n\n\n\n<p>zabieg oparty jest na dzia\u0142aniu najbardziej skutecznych sk\u0142adnikach o w\u0142a\u015bciwo\u015bciach wybielaj\u0105cych i rozja\u015bniaj\u0105cych hiperpigmentacje r\u00f3\u017cnego pochodzenia: pos\u0142oneczne, polekowe, hormonalne, starcze itp.<\/p>\n\n\n\n<p>ze wzgl\u0119du na specyfik\u0119 przebarwie\u0144 sk\u00f3rnych efekty rozja\u015bnienia przebarwie\u0144 zabiegu widoczne s\u0105 najwcze\u015bniej po 2 tygoniach od zabiegu.<\/p>\n\n\n\n<p><strong>MELANOSTATIC<\/strong> jest skuteczny r\u00f3wnie\u017c jako terapia anty-aging (ze wzgl\u0119du na swoiste dzia\u0142anie sk\u0142adnik\u00f3w aktywnych).<\/p>\n\n\n\n<h2 class=\"wp-block-heading\">Jaka to dzia\u0142a?<\/h2>\n\n\n\n<p><br>G\u0142\u00f3wnymi sk\u0142adnikami aktywnymi zabiegu s\u0105:<\/p>\n\n\n\n<ul><li>alfa arbutyna &#8211; nowoczesna substancja 10-krotnie silniejsza od arbutyny. Hamuje enzym tyrozyn\u0119, odpowiedzialn\u0105 za produkcj\u0119 melaniny (dzia\u0142anie na poziomie sk\u00f3ry w\u0142a\u015bciwej).<\/li><li>niacynamid &#8211; stabilna forma witaminy PP. Hamuje przenikanie melaniny do nask\u00f3rka. Wzmacnia \u015bciany naczy\u0144 w\u0142osowatych, wyr\u00f3wnuj\u0105c tym samym barw\u0119 sk\u00f3ry.<\/li><li>Witamina C &#8211; nowoczesna posta\u0107 witaminy C o przed\u0142u\u017conym dzia\u0142aniu silnie rozja\u015bnia istniej\u0105ce ju\u017c przebarwienia, chelatuj\u0105c jony miedzi i \u017celaza. Jednocze\u015bnie stymuluje odnow\u0119 kom\u00f3rkow\u0105 przyczyniaj\u0105c si\u0119 do dzia\u0142ania anty-agin.<\/li><li>Kwas migda\u0142owy &#8211; maksymalizuje biodost\u0119pno\u015b\u0107 sk\u0142adnik\u00f3w aktywnych: alfa arbutyny, niacynamidy oraz witaminy C. Ponadto sam dzia\u0142a rozja\u015bniaj\u0105co oraz stymuluje kom\u00f3rki sk\u00f3ry do odnowy. Z\u0142uszcza martwe kom\u00f3rki nask\u00f3rka, wspomagaj\u0105c usuwanie ju\u017c istniej\u0105cych przebarwie\u0144.<\/li><\/ul>\n\n\n\n<h2 class=\"has-pale-cyan-blue-color has-text-color wp-block-heading\">Czas zabiegu &#8211; ok 1 h<\/h2>\n\n\n\n<p><\/p>\n","protected":false},"excerpt":{"rendered":"<p>Specjalistyczny program na przebarwienia z kwasem migda\u0142owym i alfa-arbutyn\u0105. Wskazania:&nbsp; uporczywe przebarwienia pos\u0142oneczne ostuda po ci\u0105\u017cy plamy soczewicowate (starcze) nier\u00f3wny koloryt sk\u00f3ry fotostarzenie na powierzchnie ca\u0142ego cia\u0142a (np.: twarz, szyja, dekolt, d\u0142onie, plecy) Efekty: zabieg oparty jest na dzia\u0142aniu najbardziej skutecznych sk\u0142adnikach o w\u0142a\u015bciwo\u015bciach wybielaj\u0105cych i rozja\u015bniaj\u0105cych hiperpigmentacje r\u00f3\u017cnego pochodzenia: pos\u0142oneczne, polekowe, hormonalne, starcze itp. ze wzgl\u0119du na specyfik\u0119 przebarwie\u0144 sk\u00f3rnych efekty rozja\u015bnienia przebarwie\u0144 zabiegu widoczne s\u0105 najwcze\u015bniej po 2 tygoniach od zabiegu. MELANOSTATIC jest skuteczny r\u00f3wnie\u017c jako terapia anty-aging (ze wzgl\u0119du na swoiste dzia\u0142anie sk\u0142adnik\u00f3w aktywnych). Jaka to dzia\u0142a? G\u0142\u00f3wnymi sk\u0142adnikami aktywnymi zabiegu s\u0105: alfa arbutyna &#8211; nowoczesna substancja 10-krotnie silniejsza od arbutyny. Hamuje enzym tyrozyn\u0119, odpowiedzialn\u0105 za produkcj\u0119 melaniny (dzia\u0142anie na poziomie sk\u00f3ry w\u0142a\u015bciwej). niacynamid &#8211; stabilna forma witaminy PP. Hamuje przenikanie melaniny do nask\u00f3rka. Wzmacnia \u015bciany naczy\u0144 w\u0142osowatych, wyr\u00f3wnuj\u0105c tym samym barw\u0119 sk\u00f3ry. Witamina C &#8211; nowoczesna posta\u0107 witaminy C o przed\u0142u\u017conym dzia\u0142aniu silnie rozja\u015bnia istniej\u0105ce ju\u017c przebarwienia, chelatuj\u0105c jony miedzi i \u017celaza. Jednocze\u015bnie stymuluje odnow\u0119 kom\u00f3rkow\u0105 przyczyniaj\u0105c si\u0119 do dzia\u0142ania anty-agin. Kwas migda\u0142owy &#8211; maksymalizuje biodost\u0119pno\u015b\u0107 sk\u0142adnik\u00f3w aktywnych: alfa arbutyny, niacynamidy oraz witaminy C. Ponadto sam dzia\u0142a rozja\u015bniaj\u0105co oraz stymuluje kom\u00f3rki sk\u00f3ry do odnowy. Z\u0142uszcza martwe kom\u00f3rki nask\u00f3rka, wspomagaj\u0105c usuwanie ju\u017c istniej\u0105cych przebarwie\u0144. Czas zabiegu &#8211; ok 1 h<\/p>\n","protected":false},"author":1,"featured_media":0,"parent":0,"menu_order":0,"comment_status":"closed","ping_status":"closed","template":"","meta":{"ngg_post_thumbnail":0,"footnotes":""},"_links":{"self":[{"href":"https:\/\/salonmagda-m.pl\/index.php\/wp-json\/wp\/v2\/pages\/577"}],"collection":[{"href":"https:\/\/salonmagda-m.pl\/index.php\/wp-json\/wp\/v2\/pages"}],"about":[{"href":"https:\/\/salonmagda-m.pl\/index.php\/wp-json\/wp\/v2\/types\/page"}],"author":[{"embeddable":true,"href":"https:\/\/salonmagda-m.pl\/index.php\/wp-json\/wp\/v2\/users\/1"}],"replies":[{"embeddable":true,"href":"https:\/\/salonmagda-m.pl\/index.php\/wp-json\/wp\/v2\/comments?post=577"}],"version-history":[{"count":2,"href":"https:\/\/salonmagda-m.pl\/index.php\/wp-json\/wp\/v2\/pages\/577\/revisions"}],"predecessor-version":[{"id":581,"href":"https:\/\/salonmagda-m.pl\/index.php\/wp-json\/wp\/v2\/pages\/577\/revisions\/581"}],"wp:attachment":[{"href":"https:\/\/salonmagda-m.pl\/index.php\/wp-json\/wp\/v2\/media?parent=577"}],"curies":[{"name":"wp","href":"https:\/\/api.w.org\/{rel}","templated":true}]}}